{"id":9592,"date":"2025-08-15T11:38:36","date_gmt":"2025-08-15T11:38:36","guid":{"rendered":"https:\/\/darkslategray-wombat-436701.hostingersite.com\/?post_type=product&#038;p=9592"},"modified":"2026-03-04T20:20:14","modified_gmt":"2026-03-04T20:20:14","slug":"tapet-bagazhi-touran","status":"publish","type":"product","link":"https:\/\/autoaksesore.al\/product\/tapet-bagazhi-touran\/","title":{"rendered":"Tapet bagazhi Touran"},"content":{"rendered":"<p data-start=\"0\" data-end=\"69\"><strong data-start=\"0\" data-end=\"67\">Tapet Bagazhi Gome p\u00ebr VW Touran 2005-2015 \u2013 Me P\u00ebrmasa Fikse &amp; Form\u00eb Govate<\/strong><\/p>\n<p data-start=\"71\" data-end=\"281\">Mbroni bagazhin e makin\u00ebs tuaj me k\u00ebt\u00eb <strong data-start=\"117\" data-end=\"139\">tapet gome cil\u00ebsor<\/strong>, i dizajnuar posa\u00e7\u00ebrisht me <strong data-start=\"168\" data-end=\"185\">p\u00ebrmasa fikse<\/strong> p\u00ebr modelin e makin\u00ebs, duke siguruar p\u00ebrshtatje perfekte pa nevoj\u00eb p\u00ebr prerje apo modifikime.<\/p>\n<p data-start=\"283\" data-end=\"587\">Forma <strong data-start=\"289\" data-end=\"299\">govate<\/strong> e tapetit mban brenda \u00e7do papast\u00ebrti, uji ose l\u00ebngje t\u00eb derdhura, duke parandaluar d\u00ebmtimin e tapiceris\u00eb. Materiali i gom\u00ebs, pa er\u00eb dhe rezistente siguron jet\u00ebgjat\u00ebsi, nd\u00ebrsa sip\u00ebrfaqja e saj kund\u00ebr rr\u00ebshqitjes mban sendet n\u00eb vend gjat\u00eb udh\u00ebtimit.<\/p>\n<p data-start=\"589\" data-end=\"813\">Vendosja dhe heqja jan\u00eb shum\u00eb t\u00eb thjeshta, duke e b\u00ebr\u00eb pastrimin t\u00eb shpejt\u00eb dhe praktik. Dizajni modern dhe funksional e b\u00ebn k\u00ebt\u00eb tapet jo vet\u00ebm nj\u00eb mbrojt\u00ebs efikas, por edhe nj\u00eb shtes\u00eb estetike p\u00ebr brend\u00ebsin\u00eb e bagazhit.<\/p>\n<p data-start=\"936\" data-end=\"1044\" data-is-last-node=\"\" data-is-only-node=\"\">Nj\u00eb zgjedhje ideale p\u00ebr ata q\u00eb duan <strong data-start=\"972\" data-end=\"1010\">past\u00ebrti, mbrojtje dhe jet\u00ebgjat\u00ebsi<\/strong> p\u00ebr bagazhin e makin\u00ebs s\u00eb tyre.<\/p>\n","protected":false},"excerpt":{"rendered":"<p>Tapet Bagazhi Gome p\u00ebr VW Touran 2005-2015 \u2013 Me P\u00ebrmasa Fikse &amp; Form\u00eb Govate Mbroni bagazhin e makin\u00ebs tuaj me k\u00ebt\u00eb tapet gome cil\u00ebsor, i dizajnuar posa\u00e7\u00ebrisht me p\u00ebrmasa fikse p\u00ebr modelin e makin\u00ebs, duke siguruar p\u00ebrshtatje perfekte pa nevoj\u00eb p\u00ebr prerje apo modifikime. Forma govate e tapetit mban brenda \u00e7do papast\u00ebrti, uji ose l\u00ebngje&hellip;<\/p>\n","protected":false},"featured_media":9593,"comment_status":"open","ping_status":"closed","template":"","meta":{"_acf_changed":false},"collection":[516],"model":[3852],"series":[3898],"product_cat":[206,4047,270],"product_tag":[],"class_list":{"0":"post-9592","1":"product","2":"type-product","3":"status-publish","4":"has-post-thumbnail","6":"collection-aksesore-te-brendshem-per-makine","7":"model-touring","8":"series-touran","9":"product_cat-interior-aksesore-te-brendshem","10":"product_cat-tapet-bagazhi","11":"product_cat-tapeta","12":"product_brand-aksesor-makinash-per-volkswagen","14":"first","15":"instock","16":"shipping-taxable","17":"purchasable","18":"product-type-simple","19":"col-xs-6 col-sm-4","20":"col-md-3 col-lg-3","21":"un-4-cols"},"acf":[],"jetpack_sharing_enabled":true,"_links":{"self":[{"href":"https:\/\/autoaksesore.al\/wp-json\/wp\/v2\/product\/9592","targetHints":{"allow":["GET"]}}],"collection":[{"href":"https:\/\/autoaksesore.al\/wp-json\/wp\/v2\/product"}],"about":[{"href":"https:\/\/autoaksesore.al\/wp-json\/wp\/v2\/types\/product"}],"replies":[{"embeddable":true,"href":"https:\/\/autoaksesore.al\/wp-json\/wp\/v2\/comments?post=9592"}],"version-history":[{"count":1,"href":"https:\/\/autoaksesore.al\/wp-json\/wp\/v2\/product\/9592\/revisions"}],"predecessor-version":[{"id":9594,"href":"https:\/\/autoaksesore.al\/wp-json\/wp\/v2\/product\/9592\/revisions\/9594"}],"wp:featuredmedia":[{"embeddable":true,"href":"https:\/\/autoaksesore.al\/wp-json\/wp\/v2\/media\/9593"}],"wp:attachment":[{"href":"https:\/\/autoaksesore.al\/wp-json\/wp\/v2\/media?parent=9592"}],"wp:term":[{"taxonomy":"collection","embeddable":true,"href":"https:\/\/autoaksesore.al\/wp-json\/wp\/v2\/collection?post=9592"},{"taxonomy":"model","embeddable":true,"href":"https:\/\/autoaksesore.al\/wp-json\/wp\/v2\/model?post=9592"},{"taxonomy":"series","embeddable":true,"href":"https:\/\/autoaksesore.al\/wp-json\/wp\/v2\/series?post=9592"},{"taxonomy":"product_cat","embeddable":true,"href":"https:\/\/autoaksesore.al\/wp-json\/wp\/v2\/product_cat?post=9592"},{"taxonomy":"product_tag","embeddable":true,"href":"https:\/\/autoaksesore.al\/wp-json\/wp\/v2\/product_tag?post=9592"}],"curies":[{"name":"wp","href":"https:\/\/api.w.org\/{rel}","templated":true}]}}