{"id":7376,"date":"2025-02-18T11:01:36","date_gmt":"2025-02-18T11:01:36","guid":{"rendered":"https:\/\/darkslategray-wombat-436701.hostingersite.com\/?post_type=product&#038;p=7376"},"modified":"2025-08-21T11:04:59","modified_gmt":"2025-08-21T11:04:59","slug":"llampa-led-steelmate","status":"publish","type":"product","link":"https:\/\/autoaksesore.al\/product\/llampa-led-steelmate\/","title":{"rendered":"Llampa LED Steelmate H4"},"content":{"rendered":"<p data-start=\"85\" data-end=\"148\"><strong data-start=\"85\" data-end=\"146\">Llampa Led Steelmate H4 30W \u2013 Fuqi, Drit\u00eb dhe Q\u00ebndrueshm\u00ebri!<\/strong><\/p>\n<p data-start=\"150\" data-end=\"490\">P\u00ebrmir\u00ebsoni ndri\u00e7imin e automjetit tuaj me\u00a0<strong data-start=\"193\" data-end=\"234\">llampat LED Steelmate 30W, 2800 lumen<\/strong>, t\u00eb krijuara p\u00ebr t\u00eb ofruar performanc\u00eb t\u00eb lart\u00eb dhe jet\u00ebgjat\u00ebsi t\u00eb jasht\u00ebzakonshme. Me nj\u00eb fuqi ndri\u00e7uese t\u00eb barabart\u00eb me standardet m\u00eb t\u00eb larta t\u00eb tregut, k\u00ebto llampa sigurojn\u00eb\u00a0<strong data-start=\"413\" data-end=\"457\">pamje t\u00eb qart\u00eb dhe t\u00eb sigurt gjat\u00eb nat\u00ebs<\/strong>, n\u00eb \u00e7do kusht rrugor dhe moti.<\/p>\n<p data-start=\"492\" data-end=\"861\">Me\u00a0<strong data-start=\"495\" data-end=\"523\">mbi 10,000 or\u00eb jet\u00eb pune<\/strong>, Steelmate garanton nj\u00eb investim afatgjat\u00eb dhe t\u00eb besuesh\u00ebm. Drita e bardh\u00eb e fort\u00eb jo vet\u00ebm q\u00eb rrit dukshm\u00ebrin\u00eb, por gjithashtu shton eleganc\u00eb dhe modernitet n\u00eb pamjen e makin\u00ebs suaj. Lidhja dhe instalimi jan\u00eb praktik\u00eb, duke i b\u00ebr\u00eb k\u00ebto llampa nj\u00eb zgjedhje ideale si p\u00ebr p\u00ebrdoruesit e zakonsh\u00ebm, ashtu edhe p\u00ebr pasionant\u00ebt e makinave.<\/p>\n<p data-start=\"863\" data-end=\"1097\">Disponojm\u00eb\u00a0<strong data-start=\"874\" data-end=\"895\">t\u00eb gjitha modelet<\/strong>\u00a0p\u00ebr marka t\u00eb ndryshme automjetesh, duke u p\u00ebrshtatur sipas vitit dhe modelit t\u00eb makin\u00ebs suaj. Shiten gjithmon\u00eb\u00a0<strong data-start=\"1007\" data-end=\"1018\">n\u00eb \u00e7ift<\/strong>, p\u00ebr t\u00eb garantuar ndri\u00e7im t\u00eb barabart\u00eb dhe balanc\u00eb perfekte gjat\u00eb drejtimit.<\/p>\n","protected":false},"excerpt":{"rendered":"<p>Llampa Led Steelmate 30W, 2800 lumen dhe me mbi 10.000 or\u00eb pune. Produkti shoq\u00ebrohet me 3 muaj garanci<\/p>\n<ul>\n<li data-start=\"595\" data-end=\"675\"><strong data-start=\"597\" data-end=\"620\">P\u00ebrshtatje perfekte<\/strong>\u00a0\u2013 Dizajnuar posa\u00e7\u00ebrisht p\u00ebr modelin tuaj t\u00eb makin\u00ebs.<\/li>\n<li data-start=\"676\" data-end=\"792\"><strong data-start=\"678\" data-end=\"716\">P\u00ebrmasa standarde<\/strong>\u2013 Standard dhe i shkon fiks makin\u00ebs<\/li>\n<li data-start=\"793\" data-end=\"862\"><strong data-start=\"795\" data-end=\"815\">Vendoset leht\u00eb<\/strong>\u00a0\u2013 Mund t\u00eb vendosen shpejt dhe pa v\u00ebshtir\u00ebsi.<\/li>\n<li data-start=\"793\" data-end=\"862\"><strong>Jet\u00ebgjat\u00eb<\/strong>\u00a0\u2013 material tep\u00ebr cil\u00ebsor dhe jet\u00ebgjat\u00eb<\/li>\n<\/ul>\n<p><strong>Montimi:<\/strong><br \/>\nRekomandohet servis ose mund ti vendosni dhe vet<\/p>\n<p><strong>Shitja:<\/strong><br \/>\nShitja b\u00ebhet \u00e7ift.<\/p>\n","protected":false},"featured_media":7377,"comment_status":"open","ping_status":"closed","template":"","meta":{"_acf_changed":false},"collection":[518],"model":[],"series":[],"product_cat":[322,385],"product_tag":[],"class_list":{"0":"post-7376","1":"product","2":"type-product","3":"status-publish","4":"has-post-thumbnail","6":"collection-sisteme-ndricimi","7":"product_cat-sisteme-ndricimi","8":"product_cat-llampa-led","9":"product_brand-aksesor-makinash-per-alfa-romeo","10":"product_brand-aksesor-makinash-per-audi","11":"product_brand-aksesor-makinash-per-bmw","12":"product_brand-aksesor-makinash-per-citroen","13":"product_brand-aksesor-makinash-fiat","14":"product_brand-aksesor-makinash-ford","15":"product_brand-aksesor-makinash-honda","16":"product_brand-aksesor-makinash-hyundai","17":"product_brand-aksesor-makinash-iveco","18":"product_brand-aksesor-makinash-per-jeep","19":"product_brand-aksesor-makinash-per-land-rover","20":"product_brand-aksesore-makinash-mercedes-benz","21":"product_brand-aksesor-makinash-per-mitsubishi","22":"product_brand-aksesor-makinash-per-nissan","23":"product_brand-aksesor-makinash-per-opel","24":"product_brand-aksesor-makinash-per-peugeot","25":"product_brand-aksesor-makinash-per-porsche","26":"product_brand-aksesor-makinash-per-renault","27":"product_brand-aksesor-makinash-per-seat","28":"product_brand-aksesor-makinash-per-skoda","29":"product_brand-aksesor-makinash-per-smart","30":"product_brand-aksesor-makinash-per-suzuki","31":"product_brand-aksesor-makinash-per-toyota","32":"product_brand-aksesor-makinash-per-volkswagen","33":"product_brand-aksesor-makinash-per-volvo","35":"first","36":"instock","37":"shipping-taxable","38":"purchasable","39":"product-type-simple","40":"col-xs-6 col-sm-4","41":"col-md-3 col-lg-3","42":"un-4-cols"},"acf":[],"jetpack_sharing_enabled":true,"_links":{"self":[{"href":"https:\/\/autoaksesore.al\/wp-json\/wp\/v2\/product\/7376","targetHints":{"allow":["GET"]}}],"collection":[{"href":"https:\/\/autoaksesore.al\/wp-json\/wp\/v2\/product"}],"about":[{"href":"https:\/\/autoaksesore.al\/wp-json\/wp\/v2\/types\/product"}],"replies":[{"embeddable":true,"href":"https:\/\/autoaksesore.al\/wp-json\/wp\/v2\/comments?post=7376"}],"version-history":[{"count":3,"href":"https:\/\/autoaksesore.al\/wp-json\/wp\/v2\/product\/7376\/revisions"}],"predecessor-version":[{"id":9829,"href":"https:\/\/autoaksesore.al\/wp-json\/wp\/v2\/product\/7376\/revisions\/9829"}],"wp:featuredmedia":[{"embeddable":true,"href":"https:\/\/autoaksesore.al\/wp-json\/wp\/v2\/media\/7377"}],"wp:attachment":[{"href":"https:\/\/autoaksesore.al\/wp-json\/wp\/v2\/media?parent=7376"}],"wp:term":[{"taxonomy":"collection","embeddable":true,"href":"https:\/\/autoaksesore.al\/wp-json\/wp\/v2\/collection?post=7376"},{"taxonomy":"model","embeddable":true,"href":"https:\/\/autoaksesore.al\/wp-json\/wp\/v2\/model?post=7376"},{"taxonomy":"series","embeddable":true,"href":"https:\/\/autoaksesore.al\/wp-json\/wp\/v2\/series?post=7376"},{"taxonomy":"product_cat","embeddable":true,"href":"https:\/\/autoaksesore.al\/wp-json\/wp\/v2\/product_cat?post=7376"},{"taxonomy":"product_tag","embeddable":true,"href":"https:\/\/autoaksesore.al\/wp-json\/wp\/v2\/product_tag?post=7376"}],"curies":[{"name":"wp","href":"https:\/\/api.w.org\/{rel}","templated":true}]}}