{"id":6773,"date":"2025-02-12T11:53:51","date_gmt":"2025-02-12T11:53:51","guid":{"rendered":"https:\/\/darkslategray-wombat-436701.hostingersite.com\/?post_type=product&#038;p=6773"},"modified":"2025-10-06T18:54:49","modified_gmt":"2025-10-06T18:54:49","slug":"stop-prapakolpi-reflektor-audi-q3","status":"publish","type":"product","link":"https:\/\/autoaksesore.al\/product\/stop-prapakolpi-reflektor-audi-q3\/","title":{"rendered":"Stop prapakolpi reflektor Audi Q3"},"content":{"rendered":"<p data-start=\"45\" data-end=\"364\">Stop (reflektor) prapakolpi p\u00ebr <strong data-start=\"77\" data-end=\"88\">Audi Q3<\/strong> \u2013 pjes\u00eb origjinale dhe cil\u00ebsore q\u00eb garanton pamje perfekte dhe siguri t\u00eb shtuar n\u00eb rrug\u00eb. Ky reflektor i pasm\u00eb \u00ebsht\u00eb projektuar p\u00ebr t\u2019u p\u00ebrshtatur n\u00eb m\u00ebnyr\u00eb t\u00eb p\u00ebrkryer me modelet <strong data-start=\"269\" data-end=\"280\">Audi Q3<\/strong>, duke ofruar ndri\u00e7im optimal dhe funksionalitet t\u00eb plot\u00eb n\u00eb \u00e7do kusht atmosferik.<\/p>\n<p data-start=\"366\" data-end=\"656\">Materiali i q\u00ebndruesh\u00ebm dhe nd\u00ebrtimi preciz sigurojn\u00eb jet\u00ebgjat\u00ebsi dhe rezistenc\u00eb ndaj goditjeve apo lag\u00ebshtir\u00ebs. Montimi \u00ebsht\u00eb shum\u00eb i thjesht\u00eb dhe mund t\u00eb kryhet pa nevoj\u00eb p\u00ebr nd\u00ebrhyrje profesionale, duke e b\u00ebr\u00eb k\u00ebt\u00eb produkt z\u00ebvend\u00ebsimin ideal p\u00ebr reflektorin e d\u00ebmtuar ose t\u00eb konsumuar.<\/p>\n<p data-start=\"658\" data-end=\"847\">Ky <strong data-start=\"661\" data-end=\"692\">stop prapakolpi p\u00ebr Audi Q3<\/strong> \u00ebsht\u00eb zgjidhja perfekte p\u00ebr ata q\u00eb k\u00ebrkojn\u00eb cil\u00ebsi, p\u00ebrshtatje t\u00eb sakt\u00eb dhe dizajn identik me origjinalin.<br data-start=\"799\" data-end=\"802\" \/><strong data-start=\"805\" data-end=\"845\">\u00c7mimi i dh\u00ebn\u00eb \u00ebsht\u00eb p\u00ebr sasin\u00eb cop\u00eb.<\/strong><\/p>\n<p data-start=\"849\" data-end=\"1083\">N\u00ebse k\u00ebrkoni pjes\u00eb origjinale p\u00ebr automjetin tuaj, tek a<strong data-start=\"904\" data-end=\"923\">utoksesore.al<\/strong> do t\u00eb gjeni gjith\u00e7ka q\u00eb ju nevojitet me <strong data-start=\"964\" data-end=\"1004\">transport falas n\u00eb gjith\u00eb Shqip\u00ebrin\u00eb<\/strong> dhe mund\u00ebsi <strong data-start=\"1017\" data-end=\"1054\">ndryshimi ose kthimi t\u00eb produktit<\/strong> n\u00eb rast se nuk p\u00ebrshtatet.<\/p>\n","protected":false},"excerpt":{"rendered":"<p>Stop (reflektor) prapakolpi p\u00ebr Audi Q3 \u2013 pjes\u00eb origjinale dhe cil\u00ebsore q\u00eb garanton pamje perfekte dhe siguri t\u00eb shtuar n\u00eb rrug\u00eb. Ky reflektor i pasm\u00eb \u00ebsht\u00eb projektuar p\u00ebr t\u2019u p\u00ebrshtatur n\u00eb m\u00ebnyr\u00eb t\u00eb p\u00ebrkryer me modelet Audi Q3, duke ofruar ndri\u00e7im optimal dhe funksionalitet t\u00eb plot\u00eb n\u00eb \u00e7do kusht atmosferik. Materiali i q\u00ebndruesh\u00ebm dhe nd\u00ebrtimi&hellip;<\/p>\n","protected":false},"featured_media":6774,"comment_status":"open","ping_status":"closed","template":"","meta":{"_acf_changed":false},"collection":[517,518],"model":[2328,2327,2326],"series":[2325],"product_cat":[203,224,322,383],"product_tag":[],"class_list":{"0":"post-6773","1":"product","2":"type-product","3":"status-publish","4":"has-post-thumbnail","6":"collection-aksesore-te-jashtem","7":"collection-sisteme-ndricimi","8":"model-q3-premium","9":"model-q3-s-line","10":"model-q3-sportback","11":"series-q3","12":"product_cat-exterior-aksesor-te-jashtem","13":"product_cat-furnizim-i-ri","14":"product_cat-sisteme-ndricimi","15":"product_cat-stopa","16":"product_brand-aksesor-makinash-per-audi","18":"first","19":"instock","20":"shipping-taxable","21":"purchasable","22":"product-type-simple","23":"col-xs-6 col-sm-4","24":"col-md-3 col-lg-3","25":"un-4-cols"},"acf":[],"jetpack_sharing_enabled":true,"_links":{"self":[{"href":"https:\/\/autoaksesore.al\/wp-json\/wp\/v2\/product\/6773","targetHints":{"allow":["GET"]}}],"collection":[{"href":"https:\/\/autoaksesore.al\/wp-json\/wp\/v2\/product"}],"about":[{"href":"https:\/\/autoaksesore.al\/wp-json\/wp\/v2\/types\/product"}],"replies":[{"embeddable":true,"href":"https:\/\/autoaksesore.al\/wp-json\/wp\/v2\/comments?post=6773"}],"version-history":[{"count":3,"href":"https:\/\/autoaksesore.al\/wp-json\/wp\/v2\/product\/6773\/revisions"}],"predecessor-version":[{"id":11766,"href":"https:\/\/autoaksesore.al\/wp-json\/wp\/v2\/product\/6773\/revisions\/11766"}],"wp:featuredmedia":[{"embeddable":true,"href":"https:\/\/autoaksesore.al\/wp-json\/wp\/v2\/media\/6774"}],"wp:attachment":[{"href":"https:\/\/autoaksesore.al\/wp-json\/wp\/v2\/media?parent=6773"}],"wp:term":[{"taxonomy":"collection","embeddable":true,"href":"https:\/\/autoaksesore.al\/wp-json\/wp\/v2\/collection?post=6773"},{"taxonomy":"model","embeddable":true,"href":"https:\/\/autoaksesore.al\/wp-json\/wp\/v2\/model?post=6773"},{"taxonomy":"series","embeddable":true,"href":"https:\/\/autoaksesore.al\/wp-json\/wp\/v2\/series?post=6773"},{"taxonomy":"product_cat","embeddable":true,"href":"https:\/\/autoaksesore.al\/wp-json\/wp\/v2\/product_cat?post=6773"},{"taxonomy":"product_tag","embeddable":true,"href":"https:\/\/autoaksesore.al\/wp-json\/wp\/v2\/product_tag?post=6773"}],"curies":[{"name":"wp","href":"https:\/\/api.w.org\/{rel}","templated":true}]}}