{"id":6264,"date":"2025-02-03T17:49:35","date_gmt":"2025-02-03T17:49:35","guid":{"rendered":"https:\/\/darkslategray-wombat-436701.hostingersite.com\/?post_type=product&#038;p=6264"},"modified":"2025-08-12T17:26:27","modified_gmt":"2025-08-12T17:26:27","slug":"solucion-per-pastrim-feneri","status":"publish","type":"product","link":"https:\/\/autoaksesore.al\/product\/solucion-per-pastrim-feneri\/","title":{"rendered":"Solucion p\u00ebr pastrim feneri"},"content":{"rendered":"<p>Solucioni \u00ebsht\u00eb i p\u00ebrshtatsh\u00ebm p\u00ebr riparimin e fener\u00ebve t\u00eb zverdhur, t\u00eb oksiduar apo t\u00eb g\u00ebrvishtur. Solucioni mund\u00ebson rikthimin e fenerit n\u00eb gjendje fillestare. Aksesor i p\u00ebrshtatsh\u00ebm p\u00ebr makina t\u00eb ndryshme dhe motorra. I p\u00ebrshtatsh\u00ebm p\u00ebr p\u00ebrdorim profesional dhe personal.<br \/>\nSasia e shishes \u00ebsht\u00eb <strong>800gr.<\/strong>Solucioni ka sasi t\u00eb mjaftueshme p\u00ebr p\u00ebrdorime t\u00eb shumta. I p\u00ebrshtatsh\u00ebm p\u00ebr servise t\u00eb cil\u00ebt mund\u00ebsojn\u00eb sh\u00ebrbimin e riparimit t\u00eb fenerit.. Solucioni p\u00ebrdoret me makineri shp\u00ebrndar\u00ebse, p\u00ebr trajtim t\u00eb nj\u00ebtrajtsh\u00ebm.<\/p>\n","protected":false},"excerpt":{"rendered":"<p>Solucioni \u00ebsht\u00eb i p\u00ebrshtatsh\u00ebm p\u00ebr riparimin e fener\u00ebve t\u00eb zverdhur, t\u00eb oksiduar apo t\u00eb g\u00ebrvishtur. Solucioni mund\u00ebson rikthimin e fenerit n\u00eb gjendje fillestare. Aksesor i p\u00ebrshtatsh\u00ebm p\u00ebr makina t\u00eb ndryshme dhe motorra. I p\u00ebrshtatsh\u00ebm p\u00ebr p\u00ebrdorim profesional dhe personal. Sasia e shishes \u00ebsht\u00eb 800gr.Solucioni ka sasi t\u00eb mjaftueshme p\u00ebr p\u00ebrdorime t\u00eb shumta. I p\u00ebrshtatsh\u00ebm p\u00ebr&hellip;<\/p>\n","protected":false},"featured_media":6291,"comment_status":"open","ping_status":"closed","template":"","meta":{"_acf_changed":false},"collection":[3740],"model":[],"series":[],"product_cat":[224,365,245,364],"product_tag":[],"class_list":{"0":"post-6264","1":"product","2":"type-product","3":"status-publish","4":"has-post-thumbnail","6":"collection-solucione","7":"product_cat-furnizim-i-ri","8":"product_cat-solucione","9":"product_cat-te-gjithe-aksesoret","10":"product_cat-vaj-solucione","11":"product_brand-aksesor-makinash-per-alfa-romeo","12":"product_brand-aksesor-makinash-per-audi","13":"product_brand-aksesor-makinash-per-bmw","14":"product_brand-aksesor-makinash-fiat","15":"product_brand-aksesor-makinash-ford","16":"product_brand-aksesor-makinash-honda","17":"product_brand-aksesor-makinash-hyundai","18":"product_brand-aksesor-makinash-per-jeep","19":"product_brand-aksesor-makinash-per-land-rover","20":"product_brand-aksesore-makinash-mercedes-benz","21":"product_brand-aksesor-makinash-per-mitsubishi","22":"product_brand-aksesor-makinash-per-nissan","23":"product_brand-aksesor-makinash-per-opel","24":"product_brand-aksesor-makinash-per-peugeot","25":"product_brand-aksesor-makinash-per-porsche","26":"product_brand-aksesor-makinash-per-seat","27":"product_brand-aksesor-makinash-per-smart","28":"product_brand-aksesor-makinash-per-suzuki","29":"product_brand-aksesor-makinash-per-toyota","30":"product_brand-aksesor-makinash-per-volkswagen","31":"product_brand-aksesor-makinash-per-volvo","33":"first","34":"instock","35":"shipping-taxable","36":"purchasable","37":"product-type-simple","38":"col-xs-6 col-sm-4","39":"col-md-3 col-lg-3","40":"un-4-cols"},"acf":[],"jetpack_sharing_enabled":true,"_links":{"self":[{"href":"https:\/\/autoaksesore.al\/wp-json\/wp\/v2\/product\/6264","targetHints":{"allow":["GET"]}}],"collection":[{"href":"https:\/\/autoaksesore.al\/wp-json\/wp\/v2\/product"}],"about":[{"href":"https:\/\/autoaksesore.al\/wp-json\/wp\/v2\/types\/product"}],"replies":[{"embeddable":true,"href":"https:\/\/autoaksesore.al\/wp-json\/wp\/v2\/comments?post=6264"}],"version-history":[{"count":1,"href":"https:\/\/autoaksesore.al\/wp-json\/wp\/v2\/product\/6264\/revisions"}],"predecessor-version":[{"id":6265,"href":"https:\/\/autoaksesore.al\/wp-json\/wp\/v2\/product\/6264\/revisions\/6265"}],"wp:featuredmedia":[{"embeddable":true,"href":"https:\/\/autoaksesore.al\/wp-json\/wp\/v2\/media\/6291"}],"wp:attachment":[{"href":"https:\/\/autoaksesore.al\/wp-json\/wp\/v2\/media?parent=6264"}],"wp:term":[{"taxonomy":"collection","embeddable":true,"href":"https:\/\/autoaksesore.al\/wp-json\/wp\/v2\/collection?post=6264"},{"taxonomy":"model","embeddable":true,"href":"https:\/\/autoaksesore.al\/wp-json\/wp\/v2\/model?post=6264"},{"taxonomy":"series","embeddable":true,"href":"https:\/\/autoaksesore.al\/wp-json\/wp\/v2\/series?post=6264"},{"taxonomy":"product_cat","embeddable":true,"href":"https:\/\/autoaksesore.al\/wp-json\/wp\/v2\/product_cat?post=6264"},{"taxonomy":"product_tag","embeddable":true,"href":"https:\/\/autoaksesore.al\/wp-json\/wp\/v2\/product_tag?post=6264"}],"curies":[{"name":"wp","href":"https:\/\/api.w.org\/{rel}","templated":true}]}}