{"id":10921,"date":"2025-09-13T18:20:11","date_gmt":"2025-09-13T18:20:11","guid":{"rendered":"https:\/\/darkslategray-wombat-436701.hostingersite.com\/?post_type=product&#038;p=10921"},"modified":"2025-09-13T18:20:12","modified_gmt":"2025-09-13T18:20:12","slug":"butona-xhami-pasagjer-audi","status":"publish","type":"product","link":"https:\/\/autoaksesore.al\/product\/butona-xhami-pasagjer-audi\/","title":{"rendered":"Butona xhami pasagjer Audi"},"content":{"rendered":"<p data-start=\"92\" data-end=\"159\"><strong data-start=\"92\" data-end=\"157\">Butona Xhami p\u00ebr Audi tek p\u00ebr krahun e pasagjerit\u2013 Cil\u00ebsi dhe P\u00ebrshtatshm\u00ebri e Garantuar<\/strong><\/p>\n<p data-start=\"161\" data-end=\"452\">Z\u00ebvend\u00ebsoni butonat e konsumuar t\u00eb xhamave me <strong data-start=\"207\" data-end=\"232\">Butona Xhami p\u00ebr Audi<\/strong>, t\u00eb cil\u00ebt jan\u00eb dizajnuar p\u00ebr t\u00eb ofruar funksionalitet t\u00eb sakt\u00eb dhe p\u00ebrdorim afatgjat\u00eb. Produkti \u00ebsht\u00eb i nd\u00ebrtuar nga materiale <strong data-start=\"360\" data-end=\"380\">shum\u00eb rezistente<\/strong>, q\u00eb garantojn\u00eb jet\u00ebgjat\u00ebsi dhe nj\u00eb ndjesi origjinale n\u00eb \u00e7do p\u00ebrdorim.<\/p>\n<p data-start=\"454\" data-end=\"726\">K\u00ebta butona jan\u00eb t\u00eb <strong data-start=\"474\" data-end=\"518\">p\u00ebrshtatsh\u00ebm p\u00ebr modele t\u00eb ndryshme Audi<\/strong>, duke u integruar leht\u00ebsisht n\u00eb panelin origjinal t\u00eb makin\u00ebs pa nevoj\u00eb p\u00ebr modifikime. Instalimi \u00ebsht\u00eb i shpejt\u00eb dhe i thjesht\u00eb, duke rikthyer komoditetin dhe funksionalitetin e plot\u00eb t\u00eb xhamave elektrik\u00eb.<\/p>\n<p data-start=\"728\" data-end=\"883\">Me nj\u00eb dizajn elegant dhe ergonomik, ata p\u00ebrputhen vizualisht me ambientin e brendsh\u00ebm t\u00eb makin\u00ebs, duke ruajtur stilin luksoz dhe origjinalitetin e Audi.<\/p>\n<p data-start=\"885\" data-end=\"1071\">Ky produkt \u00ebsht\u00eb zgjidhja ideale n\u00ebse keni probleme me <strong data-start=\"940\" data-end=\"991\">butonat ekzistues q\u00eb nuk funksionojn\u00eb si\u00e7 duhet<\/strong> ose d\u00ebshironi t\u2019i jepni makin\u00ebs suaj nj\u00eb pamje m\u00eb t\u00eb fresk\u00ebt dhe funksionale.<\/p>\n<p data-start=\"1073\" data-end=\"1227\">P\u00ebrfitoni nga <strong data-start=\"1087\" data-end=\"1110\">cil\u00ebsia e garantuar<\/strong>, <strong data-start=\"1112\" data-end=\"1153\">transporti falas n\u00eb gjith\u00eb Shqip\u00ebrin\u00eb<\/strong> dhe mund\u00ebsia e <strong data-start=\"1169\" data-end=\"1195\">ndryshimit ose kthimit<\/strong> n\u00ebse produkti nuk p\u00ebrshtatet.<\/p>\n","protected":false},"excerpt":{"rendered":"<p>Butona Xhami p\u00ebr Audi tek p\u00ebr krahun e pasagjerit\u2013 Cil\u00ebsi dhe P\u00ebrshtatshm\u00ebri e Garantuar Z\u00ebvend\u00ebsoni butonat e konsumuar t\u00eb xhamave me Butona Xhami p\u00ebr Audi, t\u00eb cil\u00ebt jan\u00eb dizajnuar p\u00ebr t\u00eb ofruar funksionalitet t\u00eb sakt\u00eb dhe p\u00ebrdorim afatgjat\u00eb. Produkti \u00ebsht\u00eb i nd\u00ebrtuar nga materiale shum\u00eb rezistente, q\u00eb garantojn\u00eb jet\u00ebgjat\u00ebsi dhe nj\u00eb ndjesi origjinale n\u00eb \u00e7do&hellip;<\/p>\n","protected":false},"featured_media":10922,"comment_status":"open","ping_status":"closed","template":"","meta":{"_acf_changed":false},"collection":[516],"model":[2345,2080,2085,2088,2339,2091,2090,2328,2095,2097],"series":[2343,2079,2083,2087,2338,2089,2228,2325,2094,2096],"product_cat":[206,437],"product_tag":[],"class_list":{"0":"post-10921","1":"product","2":"type-product","3":"status-publish","4":"has-post-thumbnail","6":"collection-aksesore-te-brendshem-per-makine","7":"model-a3-sedan","8":"model-a4-sedan","9":"model-a5-sportback","10":"model-a6-sedan","11":"model-a7-prestige","12":"model-a8-l","13":"model-a8-sedan","14":"model-q3-premium","15":"model-q5-premium","16":"model-q7-premium","17":"series-audi-a3","18":"series-audi-a4","19":"series-audi-a5","20":"series-audi-a6","21":"series-audi-a7","22":"series-audi-a8","23":"series-q1","24":"series-q3","25":"series-q5","26":"series-q7","27":"product_cat-interior-aksesore-te-brendshem","28":"product_cat-butona-xhami","29":"product_brand-aksesor-makinash-per-audi","31":"first","32":"instock","33":"shipping-taxable","34":"purchasable","35":"product-type-simple","36":"col-xs-6 col-sm-4","37":"col-md-3 col-lg-3","38":"un-4-cols"},"acf":[],"jetpack_sharing_enabled":true,"_links":{"self":[{"href":"https:\/\/autoaksesore.al\/wp-json\/wp\/v2\/product\/10921","targetHints":{"allow":["GET"]}}],"collection":[{"href":"https:\/\/autoaksesore.al\/wp-json\/wp\/v2\/product"}],"about":[{"href":"https:\/\/autoaksesore.al\/wp-json\/wp\/v2\/types\/product"}],"replies":[{"embeddable":true,"href":"https:\/\/autoaksesore.al\/wp-json\/wp\/v2\/comments?post=10921"}],"version-history":[{"count":1,"href":"https:\/\/autoaksesore.al\/wp-json\/wp\/v2\/product\/10921\/revisions"}],"predecessor-version":[{"id":10923,"href":"https:\/\/autoaksesore.al\/wp-json\/wp\/v2\/product\/10921\/revisions\/10923"}],"wp:featuredmedia":[{"embeddable":true,"href":"https:\/\/autoaksesore.al\/wp-json\/wp\/v2\/media\/10922"}],"wp:attachment":[{"href":"https:\/\/autoaksesore.al\/wp-json\/wp\/v2\/media?parent=10921"}],"wp:term":[{"taxonomy":"collection","embeddable":true,"href":"https:\/\/autoaksesore.al\/wp-json\/wp\/v2\/collection?post=10921"},{"taxonomy":"model","embeddable":true,"href":"https:\/\/autoaksesore.al\/wp-json\/wp\/v2\/model?post=10921"},{"taxonomy":"series","embeddable":true,"href":"https:\/\/autoaksesore.al\/wp-json\/wp\/v2\/series?post=10921"},{"taxonomy":"product_cat","embeddable":true,"href":"https:\/\/autoaksesore.al\/wp-json\/wp\/v2\/product_cat?post=10921"},{"taxonomy":"product_tag","embeddable":true,"href":"https:\/\/autoaksesore.al\/wp-json\/wp\/v2\/product_tag?post=10921"}],"curies":[{"name":"wp","href":"https:\/\/api.w.org\/{rel}","templated":true}]}}