{"id":10793,"date":"2025-09-12T16:40:36","date_gmt":"2025-09-12T16:40:36","guid":{"rendered":"https:\/\/darkslategray-wombat-436701.hostingersite.com\/?post_type=product&#038;p=10793"},"modified":"2025-09-27T12:46:20","modified_gmt":"2025-09-27T12:46:20","slug":"llampa-led-hb3-9005","status":"publish","type":"product","link":"https:\/\/autoaksesore.al\/product\/llampa-led-hb3-9005\/","title":{"rendered":"Llampa Led HB3 9005"},"content":{"rendered":"<p data-start=\"117\" data-end=\"478\"><strong data-start=\"117\" data-end=\"159\">Llampa LED HB3 9005 Niken Pro 12V 30W 4000LM<\/strong>\u00a0jan\u00eb nj\u00eb zgjedhje ideale p\u00ebr shofer\u00ebt q\u00eb k\u00ebrkojn\u00eb ndri\u00e7im t\u00eb fuqish\u00ebm, jet\u00ebgjat\u00ebsi dhe cil\u00ebsi t\u00eb lart\u00eb. Me nj\u00eb fuqi ndri\u00e7uese prej\u00a0<strong data-start=\"291\" data-end=\"308\">4000 lm<\/strong>\u00a0dhe jet\u00ebgjat\u00ebsi deri n\u00eb\u00a0<strong data-start=\"333\" data-end=\"352\">30,000 or\u00eb pune<\/strong>, k\u00ebto llampa ofrojn\u00eb drit\u00eb t\u00eb qart\u00eb dhe t\u00eb fort\u00eb p\u00ebr nj\u00eb shikueshm\u00ebri maksimale gjat\u00eb nat\u00ebs apo n\u00eb kushte t\u00eb v\u00ebshtira moti.<\/p>\n<p data-start=\"480\" data-end=\"787\">Nj\u00eb nga avantazhet kryesore \u00ebsht\u00eb se k\u00ebto llampa\u00a0<strong data-start=\"529\" data-end=\"586\">nuk mbajn\u00eb llamp\u00eb ndezur n\u00eb kroskot (error)<\/strong>, duke u p\u00ebrshtatur n\u00eb m\u00ebnyr\u00eb t\u00eb p\u00ebrkryer me sistemin elektrik t\u00eb automjetit tuaj. T\u00eb prodhuara n\u00eb Turqi nga kompania e njohur\u00a0<strong data-start=\"713\" data-end=\"722\">Niken<\/strong>, ato garantojn\u00eb standarde t\u00eb larta cil\u00ebsie dhe q\u00ebndrueshm\u00ebrie.<\/p>\n<p data-start=\"789\" data-end=\"1044\"><strong>Llampat LED HB3 9005 Niken Pro<\/strong>\u00a0funksionojn\u00eb me\u00a0<strong data-start=\"829\" data-end=\"836\">12V<\/strong>\u00a0dhe kan\u00eb nj\u00eb fuqi prej\u00a0<strong data-start=\"860\" data-end=\"867\">30W<\/strong>, duke ofruar ekuilibrin perfekt midis konsumit t\u00eb ul\u00ebt t\u00eb energjis\u00eb dhe ndri\u00e7imit maksimal. Instalimi \u00ebsht\u00eb i thjesht\u00eb dhe i shpejt\u00eb, pa pasur nevoj\u00eb p\u00ebr modifikime t\u00eb m\u00ebdha.<\/p>\n<p data-start=\"1046\" data-end=\"1166\">Ky produkt shitet\u00a0<strong data-start=\"1064\" data-end=\"1084\">n\u00eb \u00e7ift (2 cop\u00eb)<\/strong>\u00a0dhe shoq\u00ebrohet me\u00a0<strong data-start=\"1103\" data-end=\"1121\">6 muaj garanci<\/strong>, duke ju ofruar siguri t\u00eb plot\u00eb n\u00eb blerje.<\/p>\n<p data-start=\"1168\" data-end=\"1327\">N\u00eb\u00a0<strong data-start=\"1171\" data-end=\"1196\">Auto Aksesore Albania<\/strong>, k\u00ebto llampa LED vijn\u00eb me\u00a0<strong data-start=\"1223\" data-end=\"1266\">transport falas n\u00eb t\u00eb gjith\u00eb Shqip\u00ebrin\u00eb<\/strong>\u00a0dhe mund\u00ebsi nd\u00ebrrimi ose kthimi n\u00eb rast se nuk p\u00ebrshtaten.<\/p>\n<p data-start=\"1329\" data-end=\"1432\">Zgjidhni\u00a0<strong data-start=\"1338\" data-end=\"1366\">llampat LED HB3 9005 Niken Pro<\/strong>\u00a0p\u00ebr ndri\u00e7im superior, jet\u00ebgjat\u00ebsi dhe performanc\u00eb t\u00eb garantuar.<\/p>\n","protected":false},"excerpt":{"rendered":"<p>Llampa LED HB3 9005 Niken Pro 12V 30W 4000LM\u00a0jan\u00eb nj\u00eb zgjedhje ideale p\u00ebr shofer\u00ebt q\u00eb k\u00ebrkojn\u00eb ndri\u00e7im t\u00eb fuqish\u00ebm, jet\u00ebgjat\u00ebsi dhe cil\u00ebsi t\u00eb lart\u00eb. Me nj\u00eb fuqi ndri\u00e7uese prej\u00a04000 lm\u00a0dhe jet\u00ebgjat\u00ebsi deri n\u00eb\u00a030,000 or\u00eb pune, k\u00ebto llampa ofrojn\u00eb drit\u00eb t\u00eb qart\u00eb dhe t\u00eb fort\u00eb p\u00ebr nj\u00eb shikueshm\u00ebri maksimale gjat\u00eb nat\u00ebs apo n\u00eb kushte t\u00eb v\u00ebshtira&hellip;<\/p>\n","protected":false},"featured_media":10794,"comment_status":"open","ping_status":"closed","template":"","meta":{"_acf_changed":false},"collection":[518],"model":[2283,2287],"series":[3850,2281,2284,2291,2288],"product_cat":[203,3784,385,322],"product_tag":[],"class_list":{"0":"post-10793","1":"product","2":"type-product","3":"status-publish","4":"has-post-thumbnail","6":"collection-sisteme-ndricimi","7":"model-fiesta-st","8":"model-focus-rs","9":"series-civic","10":"series-fiesta","11":"series-focus","12":"series-kuga","13":"series-mondeo","14":"product_cat-exterior-aksesor-te-jashtem","15":"product_cat-aksesore-universal","16":"product_cat-llampa-led","17":"product_cat-sisteme-ndricimi","18":"product_brand-aksesor-makinash-ford","19":"product_brand-aksesor-makinash-honda","21":"first","22":"instock","23":"shipping-taxable","24":"purchasable","25":"product-type-simple","26":"col-xs-6 col-sm-4","27":"col-md-3 col-lg-3","28":"un-4-cols"},"acf":[],"jetpack_sharing_enabled":true,"_links":{"self":[{"href":"https:\/\/autoaksesore.al\/wp-json\/wp\/v2\/product\/10793","targetHints":{"allow":["GET"]}}],"collection":[{"href":"https:\/\/autoaksesore.al\/wp-json\/wp\/v2\/product"}],"about":[{"href":"https:\/\/autoaksesore.al\/wp-json\/wp\/v2\/types\/product"}],"replies":[{"embeddable":true,"href":"https:\/\/autoaksesore.al\/wp-json\/wp\/v2\/comments?post=10793"}],"version-history":[{"count":1,"href":"https:\/\/autoaksesore.al\/wp-json\/wp\/v2\/product\/10793\/revisions"}],"predecessor-version":[{"id":10795,"href":"https:\/\/autoaksesore.al\/wp-json\/wp\/v2\/product\/10793\/revisions\/10795"}],"wp:featuredmedia":[{"embeddable":true,"href":"https:\/\/autoaksesore.al\/wp-json\/wp\/v2\/media\/10794"}],"wp:attachment":[{"href":"https:\/\/autoaksesore.al\/wp-json\/wp\/v2\/media?parent=10793"}],"wp:term":[{"taxonomy":"collection","embeddable":true,"href":"https:\/\/autoaksesore.al\/wp-json\/wp\/v2\/collection?post=10793"},{"taxonomy":"model","embeddable":true,"href":"https:\/\/autoaksesore.al\/wp-json\/wp\/v2\/model?post=10793"},{"taxonomy":"series","embeddable":true,"href":"https:\/\/autoaksesore.al\/wp-json\/wp\/v2\/series?post=10793"},{"taxonomy":"product_cat","embeddable":true,"href":"https:\/\/autoaksesore.al\/wp-json\/wp\/v2\/product_cat?post=10793"},{"taxonomy":"product_tag","embeddable":true,"href":"https:\/\/autoaksesore.al\/wp-json\/wp\/v2\/product_tag?post=10793"}],"curies":[{"name":"wp","href":"https:\/\/api.w.org\/{rel}","templated":true}]}}